{"id":61,"date":"2020-09-16T05:16:09","date_gmt":"2020-09-16T03:16:09","guid":{"rendered":"https:\/\/inversionesfronteras.com\/index.php\/home\/"},"modified":"2023-09-24T16:06:16","modified_gmt":"2023-09-24T19:06:16","slug":"home","status":"publish","type":"page","link":"https:\/\/inversionesfronteras.com\/","title":{"rendered":"Inicio"},"content":{"rendered":"\n<div data-aos= \"fade\" data-aos-duration=\"400\" data-aos-delay=\"0\" data-aos-easing=\"ease\" data-aos-once=\"true\" class=\"wp-block-uagb-container uagb-block-474c825a alignfull uagb-is-root-container\"><div class=\"uagb-container-inner-blocks-wrap\">\n<div class=\"wp-block-uagb-container uagb-block-266ec093\">\n<div class=\"wp-block-uagb-advanced-heading uagb-block-a2d307d3\"><h1 class=\"uagb-heading-text\">\u00a1Explora nuestra colecci\u00f3n de zapatos y dale vida a tus pies!<\/h1><\/div>\n\n\n\n<div class=\"wp-block-buttons is-content-justification-left is-layout-flex wp-container-1 wp-block-buttons-is-layout-flex\">\n<div class=\"wp-block-button has-custom-width wp-block-button__width-50 has-custom-font-size is-style-fill\" style=\"font-size:16px;font-style:normal;font-weight:800\"><a class=\"wp-block-button__link has-black-color has-white-background-color has-text-color has-background has-text-align-center wp-element-button\" href=\"https:\/\/inversionesfronteras.com\/index.php\/store\/\" style=\"border-style:none;border-width:0px;border-radius:2px;padding-right:0;padding-left:0\">VER PRODUCTOS<\/a><\/div>\n<\/div>\n<\/div>\n<\/div><\/div>\n\n\n\n<div class=\"wp-block-uagb-container uagb-block-a33cbb06 alignfull uagb-is-root-container\"><div class=\"uagb-container-inner-blocks-wrap\">\n<div class=\"wp-block-uagb-container uagb-block-73597bb1\">\n<div class=\"wp-block-uagb-container uagb-block-f249cd89\">\n<h2 class=\"wp-block-heading has-white-color has-text-color has-x-large-font-size\" style=\"font-style:normal;font-weight:800\"><strong>RETRO<\/strong><\/h2>\n\n\n\n<div class=\"wp-block-buttons is-layout-flex wp-block-buttons-is-layout-flex\">\n<div class=\"wp-block-button\"><a class=\"wp-block-button__link has-text-align-left wp-element-button\" href=\"https:\/\/inversionesfronteras.com\/index.php\/categoria-producto\/retro\/\">ver todos<\/a><\/div>\n<\/div>\n<\/div>\n\n\n\n<div class=\"wp-block-uagb-container uagb-block-bd489a44\">\n<h2 class=\"wp-block-heading has-white-color has-text-color has-x-large-font-size\" style=\"font-style:normal;font-weight:800\">RUNNING<\/h2>\n\n\n\n<div class=\"wp-block-buttons is-layout-flex wp-block-buttons-is-layout-flex\">\n<div class=\"wp-block-button\"><a class=\"wp-block-button__link wp-element-button\" href=\"https:\/\/inversionesfronteras.com\/index.php\/categoria-producto\/running\/\">ver todos<\/a><\/div>\n<\/div>\n<\/div>\n\n\n\n<div class=\"wp-block-uagb-container uagb-block-27300d7a\">\n<h2 class=\"wp-block-heading has-white-color has-text-color has-x-large-font-size\" style=\"font-style:normal;font-weight:800\">SKATE<\/h2>\n\n\n\n<div class=\"wp-block-buttons is-layout-flex wp-block-buttons-is-layout-flex\">\n<div class=\"wp-block-button\"><a class=\"wp-block-button__link wp-element-button\" href=\"https:\/\/inversionesfronteras.com\/index.php\/categoria-producto\/skate\/\">ver todos<\/a><\/div>\n<\/div>\n<\/div>\n<\/div>\n\n\n\n<div class=\"wp-block-uagb-advanced-heading uagb-block-9e2220f7\"><h2 class=\"uagb-heading-text\">S\u00edguenos<\/h2><\/div>\n\n\n\n<div class=\"wp-block-uagb-container uagb-block-338fb99b\">\n<div class=\"wp-block-uagb-container uagb-block-ebdba6fa\">\n<figure class=\"wp-block-image alignwide size-full aligncenter\"><a href=\"https:\/\/www.instagram.com\/ccs_sin_fronteras\/\" target=\"_blank\" rel=\"noreferrer noopener\"><img decoding=\"async\" loading=\"lazy\" width=\"1006\" height=\"1006\" src=\"https:\/\/inversionesfronteras.com\/wp-content\/uploads\/2023\/08\/ccs-fronteras.png\" alt=\"\" class=\"wp-image-2088\" srcset=\"https:\/\/inversionesfronteras.com\/wp-content\/uploads\/2023\/08\/ccs-fronteras.png 1006w, https:\/\/inversionesfronteras.com\/wp-content\/uploads\/2023\/08\/ccs-fronteras-300x300.png 300w, https:\/\/inversionesfronteras.com\/wp-content\/uploads\/2023\/08\/ccs-fronteras-150x150.png 150w, https:\/\/inversionesfronteras.com\/wp-content\/uploads\/2023\/08\/ccs-fronteras-768x768.png 768w, https:\/\/inversionesfronteras.com\/wp-content\/uploads\/2023\/08\/ccs-fronteras-600x600.png 600w, https:\/\/inversionesfronteras.com\/wp-content\/uploads\/2023\/08\/ccs-fronteras-100x100.png 100w\" sizes=\"(max-width: 1006px) 100vw, 1006px\" \/><\/a><\/figure>\n<\/div>\n\n\n\n<div class=\"wp-block-uagb-container uagb-block-868990c7\">\n<figure class=\"wp-block-image alignwide size-full alignleft\"><a href=\"https:\/\/www.instagram.com\/landexca_variedades\/\" target=\"_blank\" rel=\"noreferrer noopener\"><img decoding=\"async\" src=\"https:\/\/inversionesfronteras.com\/wp-content\/uploads\/2023\/08\/landexca-variedades.png\" alt=\"\" style=\"aspect-ratio:1;object-fit:cover\"\/><\/a><\/figure>\n<\/div>\n<\/div>\n<\/div><\/div>\n\n\n\n<div class=\"wp-block-uagb-container uagb-block-50bd9076 alignfull uagb-is-root-container\"><div class=\"uagb-container-inner-blocks-wrap\">\n<div class=\"wp-block-uagb-info-box uagb-block-2870db01 uagb-infobox__content-wrap  uagb-infobox-icon-above-title uagb-infobox-image-valign-top\"><div class=\"uagb-ifb-content\"><div class=\"uagb-ifb-title-wrap\"><h2 class=\"uagb-ifb-title\">Productos Recomendados<\/h2><\/div><div class=\"uagb-ifb-separator\"><\/div><\/div><\/div>\n\n\n<div class=\"woocommerce columns-4 \"><\/div>\n<\/div><\/div>\n\n\n\n<div class=\"wp-block-uagb-container uagb-block-234500e2 alignfull uagb-is-root-container\"><div class=\"uagb-container-inner-blocks-wrap\">\n<div class=\"wp-block-uagb-container uagb-block-3cf1765c\">\n<div class=\"wp-block-uagb-container uagb-block-0efe4f38\">\n<div class=\"wp-block-uagb-info-box uagb-block-acb75ed3 uagb-infobox__content-wrap  uagb-infobox-icon-above-title uagb-infobox-image-valign-top\"><div class=\"uagb-ifb-content\"><div class=\"uagb-ifb-image-content\"><img decoding=\"async\" src=\"https:\/\/inversionesfronteras.com\/wp-content\/uploads\/2020\/09\/globe-free-img.png\" alt=\"\" width=\"60\" height=\"60\" loading=\"lazy\"\/><\/div><div class=\"uagb-ifb-title-wrap\"><h6 class=\"uagb-ifb-title\">Env\u00edos Internacionales<\/h6><\/div><p class=\"uagb-ifb-desc\">Venezuela y Argentina<\/p><\/div><\/div>\n<\/div>\n\n\n\n<div class=\"wp-block-uagb-container uagb-block-72d1ab4e\">\n<div class=\"wp-block-uagb-info-box uagb-block-76a9ca65 uagb-infobox__content-wrap  uagb-infobox-icon-above-title uagb-infobox-image-valign-top\"><div class=\"uagb-ifb-content\"><div class=\"uagb-ifb-image-content\"><img decoding=\"async\" src=\"https:\/\/inversionesfronteras.com\/wp-content\/uploads\/2023\/09\/310881-150x150.png\" alt=\"\" width=\"60\" height=\"60\" loading=\"lazy\"\/><\/div><div class=\"uagb-ifb-title-wrap\"><h6 class=\"uagb-ifb-title\">Calidad Garantizada<\/h6><\/div><p class=\"uagb-ifb-desc\">Productos de Excelente Calidad<\/p><\/div><\/div>\n<\/div>\n\n\n\n<div class=\"wp-block-uagb-container uagb-block-4aa91e8c\">\n<div class=\"wp-block-uagb-info-box uagb-block-1890a7fa uagb-infobox__content-wrap  uagb-infobox-icon-above-title uagb-infobox-image-valign-top\"><div class=\"uagb-ifb-content\"><div class=\"uagb-ifb-image-content\"><img decoding=\"async\" src=\"https:\/\/inversionesfronteras.com\/wp-content\/uploads\/2020\/09\/tag-free-img.png\" alt=\"\" width=\"60\" height=\"60\" loading=\"lazy\"\/><\/div><div class=\"uagb-ifb-title-wrap\"><h6 class=\"uagb-ifb-title\">Mejores Ofertas<\/h6><\/div><p class=\"uagb-ifb-desc\">Los mejores precios del mercado<\/p><\/div><\/div>\n<\/div>\n\n\n\n<div class=\"wp-block-uagb-container uagb-block-ca2a88b8\">\n<div class=\"wp-block-uagb-info-box uagb-block-b6113de2 uagb-infobox__content-wrap  uagb-infobox-icon-above-title uagb-infobox-image-valign-top\"><div class=\"uagb-ifb-content\"><div class=\"uagb-ifb-image-content\"><img decoding=\"async\" src=\"https:\/\/inversionesfronteras.com\/wp-content\/uploads\/2020\/09\/lock-free-img.png\" alt=\"\" width=\"60\" height=\"60\" loading=\"lazy\"\/><\/div><div class=\"uagb-ifb-title-wrap\"><h6 class=\"uagb-ifb-title\">Seguridad<\/h6><\/div><p class=\"uagb-ifb-desc\">Garantizada tus pagos y env\u00edos. <\/p><\/div><\/div>\n<\/div>\n<\/div>\n<\/div><\/div>\n\n\n\n<h2 class=\"wp-block-heading\">Cont\u00e1ctanos<\/h2>\n\n\n\n<div class=\"wpforms-container \" id=\"wpforms-18\"><form id=\"wpforms-form-18\" class=\"wpforms-validate wpforms-form wpforms-ajax-form\" data-formid=\"18\" method=\"post\" enctype=\"multipart\/form-data\" action=\"\/index.php\/wp-json\/wp\/v2\/pages\/61\" data-token=\"5e9ebe8292717b50e871ae0b682ddf8d\" data-token-time=\"1778698429\"><noscript class=\"wpforms-error-noscript\">Por favor, activa JavaScript en tu navegador para completar este formulario.<\/noscript><div class=\"wpforms-field-container\"><div id=\"wpforms-18-field_0-container\" class=\"wpforms-field wpforms-field-name\" data-field-id=\"0\"><label class=\"wpforms-field-label wpforms-label-hide\" for=\"wpforms-18-field_0\">Nombre <span class=\"wpforms-required-label\">*<\/span><\/label><input type=\"text\" id=\"wpforms-18-field_0\" class=\"wpforms-field-large wpforms-field-required\" name=\"wpforms[fields][0]\" placeholder=\"Nombre\" required><\/div><div id=\"wpforms-18-field_1-container\" class=\"wpforms-field wpforms-field-email\" data-field-id=\"1\"><label class=\"wpforms-field-label wpforms-label-hide\" for=\"wpforms-18-field_1\">Email <span class=\"wpforms-required-label\">*<\/span><\/label><input type=\"email\" id=\"wpforms-18-field_1\" class=\"wpforms-field-large wpforms-field-required\" name=\"wpforms[fields][1]\" placeholder=\"Email\" spellcheck=\"false\" required><\/div><div id=\"wpforms-18-field_3-container\" class=\"wpforms-field wpforms-field-text\" data-field-id=\"3\"><label class=\"wpforms-field-label wpforms-label-hide\" for=\"wpforms-18-field_3\">Asunto <span class=\"wpforms-required-label\">*<\/span><\/label><input type=\"text\" id=\"wpforms-18-field_3\" class=\"wpforms-field-large wpforms-field-required\" name=\"wpforms[fields][3]\" placeholder=\"Asunto\" required><\/div><div id=\"wpforms-18-field_2-container\" class=\"wpforms-field wpforms-field-textarea\" data-field-id=\"2\"><label class=\"wpforms-field-label wpforms-label-hide\" for=\"wpforms-18-field_2\">Mensaje <span class=\"wpforms-required-label\">*<\/span><\/label><textarea id=\"wpforms-18-field_2\" class=\"wpforms-field-medium wpforms-field-required\" name=\"wpforms[fields][2]\" placeholder=\"Mensaje\" required><\/textarea><\/div><\/div><!-- .wpforms-field-container --><div class=\"wpforms-field wpforms-field-hp\"><label for=\"wpforms-18-field-hp\" class=\"wpforms-field-label\">Phone<\/label><input type=\"text\" name=\"wpforms[hp]\" id=\"wpforms-18-field-hp\" class=\"wpforms-field-medium\"><\/div><div class=\"wpforms-submit-container\" ><input type=\"hidden\" name=\"wpforms[id]\" value=\"18\"><input type=\"hidden\" name=\"page_title\" value=\"\"><input type=\"hidden\" name=\"page_url\" value=\"https:\/\/inversionesfronteras.com\/index.php\/wp-json\/wp\/v2\/pages\/61\"><input type=\"hidden\" name=\"url_referer\" value=\"\"><button type=\"submit\" name=\"wpforms[submit]\" id=\"wpforms-submit-18\" class=\"wpforms-submit\" data-alt-text=\"Enviando...\" data-submit-text=\"Enviar Mensaje\" aria-live=\"assertive\" value=\"wpforms-submit\">Enviar Mensaje<\/button><img src=\"https:\/\/inversionesfronteras.com\/wp-content\/plugins\/wpforms-lite\/assets\/images\/submit-spin.svg\" class=\"wpforms-submit-spinner\" style=\"display: none;\" width=\"26\" height=\"26\" alt=\"Cargando\"><\/div><\/form><\/div>  <!-- .wpforms-container -->\n\n<br>\n","protected":false},"excerpt":{"rendered":"<p>\u00a1Explora nuestra colecci\u00f3n de zapatos y dale vida a tus pies! RETRO RUNNING SKATE S\u00edguenos Cont\u00e1ctanos<\/p>\n","protected":false},"author":1,"featured_media":0,"parent":0,"menu_order":0,"comment_status":"closed","ping_status":"closed","template":"","meta":{"_uag_custom_page_level_css":"","site-sidebar-layout":"no-sidebar","site-content-layout":"plain-container","ast-site-content-layout":"normal-width-container","site-content-style":"unboxed","site-sidebar-style":"unboxed","ast-global-header-display":"","ast-banner-title-visibility":"","ast-main-header-display":"","ast-hfb-above-header-display":"","ast-hfb-below-header-display":"","ast-hfb-mobile-header-display":"","site-post-title":"disabled","ast-breadcrumbs-content":"","ast-featured-img":"","footer-sml-layout":"","theme-transparent-header-meta":"enabled","adv-header-id-meta":"","stick-header-meta":"","header-above-stick-meta":"","header-main-stick-meta":"","header-below-stick-meta":"","astra-migrate-meta-layouts":"set","footnotes":""},"aioseo_notices":[],"uagb_featured_image_src":{"full":false,"thumbnail":false,"medium":false,"medium_large":false,"large":false,"1536x1536":false,"2048x2048":false,"woocommerce_thumbnail":false,"woocommerce_single":false,"woocommerce_gallery_thumbnail":false},"uagb_author_info":{"display_name":"IFS","author_link":"https:\/\/inversionesfronteras.com\/index.php\/author\/ifs\/"},"uagb_comment_info":0,"uagb_excerpt":"\u00a1Explora nuestra colecci\u00f3n de zapatos y dale vida a tus pies! RETRO RUNNING SKATE S\u00edguenos Cont\u00e1ctanos","_links":{"self":[{"href":"https:\/\/inversionesfronteras.com\/index.php\/wp-json\/wp\/v2\/pages\/61"}],"collection":[{"href":"https:\/\/inversionesfronteras.com\/index.php\/wp-json\/wp\/v2\/pages"}],"about":[{"href":"https:\/\/inversionesfronteras.com\/index.php\/wp-json\/wp\/v2\/types\/page"}],"author":[{"embeddable":true,"href":"https:\/\/inversionesfronteras.com\/index.php\/wp-json\/wp\/v2\/users\/1"}],"replies":[{"embeddable":true,"href":"https:\/\/inversionesfronteras.com\/index.php\/wp-json\/wp\/v2\/comments?post=61"}],"version-history":[{"count":64,"href":"https:\/\/inversionesfronteras.com\/index.php\/wp-json\/wp\/v2\/pages\/61\/revisions"}],"predecessor-version":[{"id":2376,"href":"https:\/\/inversionesfronteras.com\/index.php\/wp-json\/wp\/v2\/pages\/61\/revisions\/2376"}],"wp:attachment":[{"href":"https:\/\/inversionesfronteras.com\/index.php\/wp-json\/wp\/v2\/media?parent=61"}],"curies":[{"name":"wp","href":"https:\/\/api.w.org\/{rel}","templated":true}]}}